
47
Suppose -5*n - f = -4*f + 57, 2*n + 29 = -5*f. Let j be (5/(-4))/(3/n). Suppose a - 5 = -4*v, 3*v + 0*v - j*a = 21. List the prime factors of v.
2
Let p(j) = 3*j**3 + 2 - j**2 - 1 + 1 - 2*j**3. Let o be p(0). Suppose -5*y - 5 = 0, -o*g + y + 11 = -2*y. List the prime factors of g.
2
Let i(b) = -4*b**2 - 2*b**2 + b + 4*b**3 + 3*b**2 + 2*b**2. What are the prime factors of i(2)?
2, 3, 5
Suppose -13 - 13 = -2*a. Let j = a - -1. What are the prime factors of j?
2, 7
Let v = -43 + 70. What are the prime factors of v?
3
Let d = 82 + -328. What are the prime factors of 6/15 + d/(-10)?
5
Let y(r) = -3*r**3 - 1 + 2*r**3 - 3 - 1 + 5*r - 4*r**2. Let b be y(-5). Let p(v) = v**3 + 6*v**2 + 3*v - 4. What are the prime factors of p(b)?
2, 3
Suppose -4*v = -5*r - 180, 2*v - 49 - 59 = -2*r. What are the prime factors of v?
2, 5
Let t be (-10)/(-45) + 308/(-9). Let q = 63 + t. What are the prime factors of q?
29
Suppose 0*w - 5*w + 1101 = -x, -3*x - 223 = -w. List the prime factors of w.
2, 5, 11
Let z = 137 - 9. List the prime factors of z.
2
Suppose 0 = 4*r - 4*w - 24, 0 = r + 2*w - 18 - 3. What are the prime factors of r?
11
Suppose 4*v = -46 + 118. Let s be 58/18 - 4/v. List the prime factors of s/(-12) + (-45)/(-4).
11
Suppose -363 = -5*k + 187. Suppose g - k = -4*g. What are the prime factors of g?
2, 11
Suppose 0 = -5*t - 3*i - 136, 2*i = 5*t - 12 + 163. Let g = t - -41. What are the prime factors of 3 + g + (-2 - -1)?
2, 7
What are the prime factors of 0 - 1/((-5)/130)?
2, 13
Let x(f) = 14*f + 16. What are the prime factors of x(5)?
2, 43
Let h(z) be the third derivative of -z**4/8 - z**3/2 - z**2. Let p = 3 - 5. List the prime factors of h(p).
3
Suppose 5*n + 1694 = 19*n. What are the prime factors of n?
11
Let w(s) = -s**2 - 8*s + 9. Let c be (-39)/5 - (-2)/(-10). What are the prime factors of w(c)?
3
Suppose -5*f = -15 + 5. Suppose f*v + 20 = 3*v. What are the prime factors of v?
2, 5
Let x = -39 - -108. List the prime factors of x.
3, 23
What are the prime factors of 0 + -3 + -15 + 25?
7
Let m = -4 - -5. Suppose -m = 5*r + 9. What are the prime factors of -4*(r + 3/(-12))?
3
Let c be 1*6/(-9)*-48. Suppose 0 = -v + 2*k + c - 13, -4*v = 4*k - 88. List the prime factors of v.
3, 7
Let a(s) = -9*s + 6 + 0*s**2 + s**3 + 4 - 7*s**2. Let f be a(8). Suppose f*d = 5*n - 22, -2*n - 3*n = 4*d - 16. List the prime factors of n.
2
Let z = -49 - -147. List the prime factors of z.
2, 7
Let k(p) = -11*p + 2. Let d be k(-2). List the prime factors of 6/d - (-107)/4.
3
List the prime factors of 6867/273 + 2/(-13).
5
List the prime factors of 13 + -13 + 19*1.
19
Suppose 0 = -n + 23 + 1. What are the prime factors of n?
2, 3
Let g(k) = -k**2 - 6*k + 6. Let l be g(-6). Let n be (l/(-4))/(2/(-4)). Suppose 5*b = -5*r + 80, 0 = b - 0*r + n*r - 6. What are the prime factors of b?
3, 7
Suppose -67 - 71 = -3*m. What are the prime factors of m?
2, 23
Let v = 32 - 20. Suppose -4*j = -0*j - v. List the prime factors of ((-10)/(-4))/(j/6).
5
Suppose 6*l + 182 = 8*l. What are the prime factors of l?
7, 13
Let v(c) = c**2 + 4*c + 1. Let f be v(-3). Let a be (-6)/(-15) - f/(-5). Suppose -3*m = -5*k + 36, a = -4*m + 3*m + 3. What are the prime factors of k?
3
Suppose 0 = m - 7 - 8. List the prime factors of m.
3, 5
Let r(m) = -m + 4. List the prime factors of r(-12).
2
List the prime factors of (78/52)/(((-3)/46)/(-1)).
23
Let n be 8 - (1 - -1)/1. Let r be (-24)/(-18)*n/4. What are the prime factors of ((-2)/r)/((-2)/4)?
2
Let g(y) = -7*y - 3. Let q be g(3). Let d = q - -67. List the prime factors of d.
43
Suppose 4*d = 2*d - 12. Let b(z) = -z**2 - 7*z - 4. Let c be b(d). Let p = 0 + c. What are the prime factors of p?
2
Let p(k) = 4*k + 2. Let f = 2 + 1. Let n be p(f). Let x = 25 - n. List the prime factors of x.
11
Let i = -6 + 11. List the prime factors of -4*((-15)/2)/i.
2, 3
Suppose -3*d + 9 = -2*w, -2*d + 3 = -d - w. Suppose -g + d = 2*g, r + 1 = 5*g. Suppose r*u = -u - 2*i + 53, -2*u + 4*i = -26. List the prime factors of u.
11
Suppose f + 3*f - 120 = 0. List the prime factors of f.
2, 3, 5
Let v = 67 - 41. What are the prime factors of v?
2, 13
Let r be 0*(-3)/6*-1. List the prime factors of (2 + r)*21/6.
7
Suppose -97 - 134 = -7*q. List the prime factors of q.
3, 11
Suppose 4*f + 178 = 2*m + 6*f, -176 = -2*m - 4*f. List the prime factors of m.
2, 3, 5
Suppose 2*q = 4*a - 114, -q = -5*a - 0*a + 150. Let o = 44 - a. List the prime factors of o.
13
Suppose 5*a = 5*p + 590, 4*p + p = -25. What are the prime factors of a?
113
Suppose -3*t - t = 80. Let s = t - -26. List the prime factors of s.
2, 3
Let h(y) be the third derivative of -y**6/120 - y**5/60 + y**4/24 + 8*y**3/3 - y**2. Suppose -35*i = -31*i. What are the prime factors of h(i)?
2
Let a(z) = 8*z**2 + 4*z + 5. List the prime factors of a(-2).
29
Let s = -6 + 8. Let u(p) = -3 - 11*p - 8 - 10*p**s + 0*p**3 - p**3. What are the prime factors of u(-9)?
7
Suppose 3*c + 27 = 4*r, 4*c - 2*r + 0*r = -36. Let v be -9*(-3)/(0 + c). What are the prime factors of 45/2 + v/2?
3, 7
Let v = 25 + -18. Let l = v - 5. Suppose 8 = -l*j + 4*j - 5*n, -j + 4 = -3*n. What are the prime factors of j?
2
Let v = 61 - -7. What are the prime factors of v?
2, 17
Let a = -21 - -141. What are the prime factors of a?
2, 3, 5
Let n = -52 - -120. List the prime factors of n.
2, 17
Let c(o) = 4*o**2 - 6*o + 3. What are the prime factors of c(4)?
43
Let w(g) = -g + 2. Let t be w(0). Let r(y) = 7*y - 8 - 3*y**2 + 2*y**t - 19*y + 0*y**2. List the prime factors of r(-9).
19
Let l be (0 - 12/15)*-5. Let k be ((-75)/(-4))/((-6)/(-16)). What are the prime factors of k/8 + 3/l?
7
Let r(c) = -c**3 - 5*c**2 - 4*c + 3. Let z(q) = -5 + q + 9 + 1. Let m be z(-9). What are the prime factors of r(m)?
3
Suppose -p - 16 = -0*a - 2*a, -5*p + 3*a - 66 = 0. Let d be p/(-10)*(-20)/(-8). Suppose -5*q + 31 + 14 = 5*k, 5*q - 27 = -d*k. List the prime factors of k.
3
Let q(b) = b**3 - 3*b**2 + b - 3. Let a be q(3). Suppose -t = -0*r - 5*r + 22, a = 3*r - 5*t. List the prime factors of r.
5
Let j = -5 - -8. Suppose j*q - 11 = -4*d, -6*d + d + 10 = 5*q. What are the prime factors of d?
5
Let p(g) = g + 12. Let m be p(-9). Let f be 62/(-6) + (-2)/(-6). Let z = m - f. What are the prime factors of z?
13
Let t = 597 - 321. List the prime factors of t.
2, 3, 23
Let f = -97 + 186. Suppose -2*k + 7*k + f = 4*z, 3*z - 90 = -4*k. List the prime factors of z.
2, 13
Suppose 0 = 4*v - 22 + 6. What are the prime factors of v?
2
Let v(m) = m**3 + m**2 - 5*m - 8. List the prime factors of v(5).
3, 13
Let i = 18 + -62. Let f = i + 87. What are the prime factors of f?
43
Let a = 9 + 32. What are the prime factors of a?
41
Let x = -1 + 75. List the prime factors of x.
2, 37
Let h = 4 - 7. Let j = -4 - h. What are the prime factors of (0 + 4)/(j - -2)?
2
Let l be (0 + 3 + -3)/3. List the prime factors of l + 2 + -3 - -38.
37
Let f be (-14)/(-6) - (-1)/(-3). Suppose -f*q + 9 = -7. Suppose 3*u - 9 = 0, -24 = -t - u - q. What are the prime factors of t?
13
Suppose 26 = 5*j - 2*n, -5*j + 3*n = 7 - 31. Let x be 21/j*(0 + 8). List the prime factors of (x/10)/((-3)/(-15)).
2, 7
Let o = 17 + 28. What are the prime factors of o?
3, 5
Suppose -3*p - 19 = 2*p + t, 2*p - 2*t - 2 = 0. Let o = 28 + p. What are the prime factors of o?
5
Let x = -2 + -5. Let b be 52/14 - 2/x. What are the prime factors of 5*b/(-10)*-1?
2
Suppose -5*c - 3*f = -86, -5*c + 5*f + 13 + 97 = 0. What are the prime factors of c?
19
Let g(p) = 4*p**2 - 2*p - 1. List the prime factors of g(-2).
19
Let v = -13 - -7. Let a(k) = -k**2 - 5*k + 7. Let q be a(v). What are the prime factors of 1/(q/(-3))*-3?
3
Suppose -6*a = -374 - 40. List the prime factors of a.
3, 23
Let k = -73 - -133. What are the prime factors of k?
2, 3, 5
Let n(v) be the first derivative of -31*v**4/4 - v + 5. List the prime factors of n(-1).
2, 3, 5
Let s(r) = r**3 + 5*r**2 - r - 4. Let t be s(-5). Let q(m) = -1 + m - t - 1. What are the prime factors of q(6)?
3
Suppose -2*y = 5*c - 6 + 2, -3*c = 0. Suppose a + 0*g = 4*g + y, 0 = -5*a + 5*g + 55. List the prime factors of a.
2, 7
Suppose -v - 5 = -6*v. Let d = v - -1. Suppose -d*l - 8 = 0, 0*l - 21 = -u + 3*l. What are the prime factors of u?
3
Let z = -15 - -5. Let u be (z/(-4))/((-1)/(-2)). Let h = 2 + u. What 